{"id":1552,"date":"2023-05-12T10:07:00","date_gmt":"2023-05-12T13:07:00","guid":{"rendered":"https:\/\/camirim.com.br\/?page_id=1552"},"modified":"2023-05-12T10:17:26","modified_gmt":"2023-05-12T13:17:26","slug":"tem-tatu-na-toca","status":"publish","type":"page","link":"https:\/\/camirim.com.br\/?page_id=1552","title":{"rendered":"Tem Tatu na Toca?"},"content":{"rendered":"\t\t<div data-elementor-type=\"wp-page\" data-elementor-id=\"1552\" class=\"elementor elementor-1552\">\n\t\t\t\t\t\t<section class=\"elementor-section elementor-top-section elementor-element elementor-element-13f35e20 elementor-section-boxed elementor-section-height-default elementor-section-height-default\" data-id=\"13f35e20\" data-element_type=\"section\" data-e-type=\"section\">\n\t\t\t\t\t\t<div class=\"elementor-container elementor-column-gap-default\">\n\t\t\t\t\t<div class=\"elementor-column elementor-col-100 elementor-top-column elementor-element elementor-element-64404734\" data-id=\"64404734\" data-element_type=\"column\" data-e-type=\"column\">\n\t\t\t<div class=\"elementor-widget-wrap elementor-element-populated\">\n\t\t\t\t\t\t<div class=\"elementor-element elementor-element-29d57a33 elementor-widget elementor-widget-text-editor\" data-id=\"29d57a33\" data-element_type=\"widget\" data-e-type=\"widget\" data-widget_type=\"text-editor.default\">\n\t\t\t\t<div class=\"elementor-widget-container\">\n\t\t\t\t\t\t\t\t\t\n<div class=\"wp-block-media-text alignwide is-stacked-on-mobile\"><figure class=\"wp-block-media-text__media\"><img fetchpriority=\"high\" decoding=\"async\" width=\"716\" height=\"851\" src=\"http:\/\/camirim.com.br\/wp-content\/uploads\/2023\/04\/Cartilha_tatu.jpg\" alt=\"\" class=\"wp-image-600 size-full\" srcset=\"https:\/\/camirim.com.br\/wp-content\/uploads\/2023\/04\/Cartilha_tatu.jpg 716w, https:\/\/camirim.com.br\/wp-content\/uploads\/2023\/04\/Cartilha_tatu-252x300.jpg 252w\" sizes=\"(max-width: 716px) 100vw, 716px\" \/><\/figure><div class=\"wp-block-media-text__content\">\n<p>Aqui no Brasil, tem tatu de todo tamanho. Tem o tatu-bolinha, um tiquinho de t\u00e3o pequeno, um quilo s\u00f3, sempre pronto a se enrolar, fechando a armadurazinha para se proteger. E tem o talud\u00e3o do tatu-canastra, pesado como um saco de cimento, com seus 50 quilos e um metro e meio do focinho at\u00e9 a ponta do rabo.<br>Entre o menorzinho e o maiorz\u00e3o tem tatu mais gordinho, tatu mais baixinho, tatu magrelinho, tatu parrudinho: s\u00e3o 10 esp\u00e9cies diferentes, cada uma do seu jeito, mas todas com cara e carapa\u00e7a de tatu e casa de tatu. E quer saber como \u00e9 uma casa de tatu? \u00c9 um buraco na terra, do tamanho justo para o tatu entrar e seguir andando por um t\u00fanel at\u00e9 bem no fundo, onde tem um espacinho para descansar e escapar do calor\u00e3o l\u00e1 de fora, nos dias quentes. Ou da friagem, nos dias de frio. Ou da chuva, nos dias de tempestade. E do fogo, nos dias de queimadas.<\/p>\n\n\n\n<p><strong><a href=\"https:\/\/camirim.com.br\/wp-content\/uploads\/2023\/04\/Cartilha_tatu_baixa.pdf\" data-type=\"URL\" data-id=\"https:\/\/camirim.com.br\/wp-content\/uploads\/2023\/04\/Cartilha_tatu_baixa.pdf\" target=\"_blank\" rel=\"noreferrer noopener\">VEJA<\/a><\/strong><\/p>\n<\/div><\/div>\n\t\t\t\t\t\t\t\t<\/div>\n\t\t\t\t<\/div>\n\t\t\t\t\t<\/div>\n\t\t<\/div>\n\t\t\t\t\t<\/div>\n\t\t<\/section>\n\t\t\t\t<\/div>\n\t\t","protected":false},"excerpt":{"rendered":"<p>Aqui no Brasil, tem tatu de todo tamanho. Tem o tatu-bolinha, um tiquinho de t\u00e3o pequeno, um quilo s\u00f3, sempre pronto a se enrolar, fechando a armadurazinha para se proteger. E tem o talud\u00e3o do tatu-canastra, pesado como um saco de cimento, com seus 50 quilos e um metro e meio do focinho at\u00e9 a&hellip;&nbsp;<a href=\"https:\/\/camirim.com.br\/?page_id=1552\" rel=\"bookmark\">Read More &raquo;<span class=\"screen-reader-text\">Tem Tatu na Toca?<\/span><\/a><\/p>\n","protected":false},"author":1,"featured_media":0,"parent":254,"menu_order":0,"comment_status":"closed","ping_status":"closed","template":"","meta":{"neve_meta_sidebar":"","neve_meta_container":"","neve_meta_enable_content_width":"","neve_meta_content_width":0,"neve_meta_title_alignment":"","neve_meta_author_avatar":"","neve_post_elements_order":"","neve_meta_disable_header":"","neve_meta_disable_footer":"","neve_meta_disable_title":"","_themeisle_gutenberg_block_has_review":false,"footnotes":""},"class_list":["post-1552","page","type-page","status-publish","hentry"],"_links":{"self":[{"href":"https:\/\/camirim.com.br\/index.php?rest_route=\/wp\/v2\/pages\/1552","targetHints":{"allow":["GET"]}}],"collection":[{"href":"https:\/\/camirim.com.br\/index.php?rest_route=\/wp\/v2\/pages"}],"about":[{"href":"https:\/\/camirim.com.br\/index.php?rest_route=\/wp\/v2\/types\/page"}],"author":[{"embeddable":true,"href":"https:\/\/camirim.com.br\/index.php?rest_route=\/wp\/v2\/users\/1"}],"replies":[{"embeddable":true,"href":"https:\/\/camirim.com.br\/index.php?rest_route=%2Fwp%2Fv2%2Fcomments&post=1552"}],"version-history":[{"count":5,"href":"https:\/\/camirim.com.br\/index.php?rest_route=\/wp\/v2\/pages\/1552\/revisions"}],"predecessor-version":[{"id":1572,"href":"https:\/\/camirim.com.br\/index.php?rest_route=\/wp\/v2\/pages\/1552\/revisions\/1572"}],"up":[{"embeddable":true,"href":"https:\/\/camirim.com.br\/index.php?rest_route=\/wp\/v2\/pages\/254"}],"wp:attachment":[{"href":"https:\/\/camirim.com.br\/index.php?rest_route=%2Fwp%2Fv2%2Fmedia&parent=1552"}],"curies":[{"name":"wp","href":"https:\/\/api.w.org\/{rel}","templated":true}]}}